the highest common divisor of 4804 and 52?
4
Calculate the greatest common divisor of 49875 and 25725.
525
Calculate the greatest common divisor of 768 and 492.
12
Calculate the highest common factor of 23338 and 14.
14
Calculate the highest common divisor of 116 and 29551.
29
What is the highest common divisor of 595 and 282285?
85
Calculate the highest common divisor of 6512 and 20683.
37
Calculate the highest common divisor of 390 and 160530.
30
Calculate the highest common factor of 1131 and 151177.
377
Calculate the greatest common divisor of 617530 and 481.
37
What is the greatest common divisor of 252 and 4356?
36
What is the highest common divisor of 10 and 540830?
10
What is the greatest common factor of 510 and 1350735?
255
What is the highest common divisor of 1976 and 11704?
152
What is the greatest common factor of 2980 and 6260?
20
What is the highest common factor of 552 and 36156?
276
What is the greatest common divisor of 49145 and 145?
5
Calculate the greatest common factor of 8609 and 1.
1
What is the highest common divisor of 154 and 2959?
11
What is the highest common factor of 12068 and 40572?
28
Calculate the greatest common divisor of 9 and 189513.
9
Calculate the greatest common factor of 1420 and 39010.
10
Calculate the greatest common divisor of 352 and 205392.
176
Calculate the highest common divisor of 558 and 13950.
558
Calculate the highest common divisor of 114 and 10872.
6
What is the greatest common divisor of 380 and 1388520?
380
Calculate the highest common factor of 752650 and 5.
5
Calculate the greatest common divisor of 161356 and 4.
4
What is the highest common factor of 10164 and 1176?
84
What is the highest common factor of 12999 and 77?
7
Calculate the highest common factor of 93437 and 77515.
419
Calculate the highest common factor of 183276 and 72.
36
Calculate the greatest common divisor of 40259 and 35941.
127
Calculate the highest common divisor of 87 and 4528959.
87
What is the highest common divisor of 1760 and 24992?
352
What is the highest common divisor of 1012 and 26496?
92
What is the greatest common factor of 2057 and 12903?
187
Calculate the greatest common factor of 38 and 893323.
19
What is the highest common factor of 53735 and 220?
55
What is the highest common divisor of 1691 and 4361?
89
What is the greatest common factor of 602 and 686?
14
What is the highest common divisor of 307707 and 4705?
941
What is the greatest common divisor of 4590 and 19210?
170
Calculate the highest common divisor of 2608930 and 10.
10
Calculate the greatest common divisor of 23124 and 6204.
564
Calculate the greatest common factor of 161813 and 412.
103
Calculate the highest common divisor of 7449 and 715.
13
What is the highest common divisor of 1567208 and 16344?
1816
What is the greatest common divisor of 184 and 250171?
23
What is the highest common factor of 1166 and 242?
22
What is the greatest common factor of 187 and 877081?
17
What is the greatest common factor of 67 and 368366?
67
Calculate the highest common factor of 124773 and 1881.
627
What is the highest common divisor of 3822 and 1932?
42
Calculate the greatest common factor of 438 and 54093.
219
Calculate the highest common divisor of 130787 and 1.
1
Calculate the highest common factor of 38262 and 18.
6
Calculate the greatest common factor of 34 and 2622709.
17
What is the highest common divisor of 13023968 and 1382?
1382
Calculate the greatest common factor of 1125 and 288.
9
What is the greatest common divisor of 183296 and 316472?
1432
Calculate the highest common factor of 12000 and 1088250.
750
What is the greatest common divisor of 25 and 257975?
25
What is the greatest common divisor of 232290 and 5785?
445
What is the highest common factor of 14352 and 6292?
52
Calculate the greatest common divisor of 1224 and 648.
72
Calculate the greatest common factor of 4142 and 2318.
38
Calculate the greatest common factor of 2325236 and 1076.
1076
What is the greatest common divisor of 23785 and 11390?
335
Calculate the greatest common divisor of 2810 and 12310.
10
Calculate the highest common divisor of 18180 and 48.
12
Calculate the highest common factor of 156 and 230828.
52
Calculate the highest common divisor of 625404 and 1688.
844
Calculate the highest common divisor of 114 and 172653.
57
Calculate the highest common divisor of 27459 and 1458.
243
Calculate the highest common factor of 54526 and 1096.
274
What is the highest common divisor of 55 and 54703?
11
What is the highest common factor of 27384 and 3?
3
Calculate the highest common factor of 109336 and 11455.
79
Calculate the greatest common factor of 53689 and 8692.
53
What is the highest common factor of 1804 and 3239?
41
Calculate the highest common divisor of 13347 and 9.
9
Calculate the greatest common factor of 12 and 4972.
4
What is the greatest common divisor of 650 and 30966?
26
Calculate the highest common factor of 4206 and 12.
6
What is the highest common divisor of 73257 and 27?
3
Calculate the greatest common factor of 5005 and 2015.
65
What is the greatest common factor of 12 and 59726?
2
What is the highest common factor of 11619 and 45?
9
Calculate the highest common divisor of 7407 and 18.
9
Calculate the highest common divisor of 36986 and 2.
2
What is the greatest common divisor of 261 and 117?
9
Calculate the greatest common divisor of 80 and 112720.
80
Calculate the greatest common divisor of 528506 and 44.
22
Calculate the greatest common divisor of 1417 and 403.
13
Calculate the highest common factor of 18078 and 8253.
393
What is the greatest common divisor of 810 and 2811240?
270
Calculate the highest common divisor of 195 and 267670.
65
What is the greatest common factor of 5313 and 737?
11
What is the highest common factor of 1692 and 12528?
36
What is the greatest common divisor of 6141 and 1513?
89
Calculate the highest common divisor of 1373 and 4202753.
1373
What is the highest common factor of 33781 and 148819?
913
What is the highest common divisor of 9027 and 903703?
1003
What is the highest common factor of 5156350 and 10?
10
Calculate the highest common divisor of 41696 and 2272.
32
What is the greatest common factor of 31425 and 321792?
1257
What is the highest common factor of 5600 and 1150?
50
What is the greatest common divisor of 3006 and 93854?
334
What is the highest common divisor of 1351 and 4?
1
Calculate the greatest common divisor of 1276 and 80718.
22
Calculate the highest common factor of 80434 and 13886.
262
Calculate the greatest common factor of 2805 and 385.
55
Calculate the highest common divisor of 94220 and 420.
140
Calculate the highest common divisor of 1664 and 16848.
208
What is the highest common factor of 6713 and 1781?
137
Calculate the highest common factor of 615 and 40245.
15
Calculate the greatest common divisor of 3230 and 8993.
17
Calculate the greatest common factor of 118332 and 228.
228
What is the highest common divisor of 13538 and 6?
2
What is the highest common divisor of 51025 and 1099?
157
What is the greatest common divisor of 19040 and 805?
35
What is the greatest common divisor of 2206760 and 24080?
1720
Calculate the highest common divisor of 66 and 233607.
33
Calculate the greatest common factor of 134110 and 10.
10
What is the highest common factor of 506 and 12190?
46
What is the highest common factor of 35 and 4064620?
35
What is the greatest common factor of 30855 and 102?
51
Calculate the greatest common factor of 19971 and 9.
9
Calculate the highest common factor of 36428 and 1988.
28
Calculate the greatest common divisor of 192389 and 34.
17
What is the highest common factor of 76050 and 71550?
450
Calculate the greatest common factor of 6900 and 37725.
75
Calculate the highest common divisor of 657 and 3869.
73
Calculate the highest common divisor of 189 and 63.
63
What is the greatest common divisor of 65 and 45045?
65
Calculate the greatest common divisor of 8071 and 259.
7
What is the highest common divisor of 2057 and 21516?
11
Calculate the highest common divisor of 5 and 10320.
5
What is the highest common divisor of 51872 and 40?
8
What is the greatest common factor of 88594 and 1650?
22
Calculate the highest common divisor of 88020 and 2119.
163
What is the greatest com